Calculate the greatest common factor of 34565 and 310.
155
Calculate the greatest common factor of 5 and 224.
1
Calculate the greatest common factor of 1 and 797.
1
Calculate the highest common factor of 5844 and 36.
12
What is the greatest common factor of 1332 and 72?
36
What is the highest common divisor of 184 and 40?
8
Calculate the highest common factor of 44 and 308.
44
What is the greatest common factor of 12784 and 235?
47
What is the highest common divisor of 1793 and 55?
11
Calculate the greatest common divisor of 533 and 3239.
41
Calculate the highest common divisor of 348 and 4350.
174
What is the greatest common factor of 4665 and 5?
5
What is the greatest common factor of 110 and 160?
10
What is the greatest common divisor of 7425 and 2200?
275
Calculate the greatest common divisor of 481 and 13.
13
Calculate the highest common factor of 1096 and 104.
8
Calculate the greatest common divisor of 10 and 685.
5
What is the greatest common divisor of 8 and 38?
2
Calculate the greatest common factor of 352 and 800.
32
What is the highest common factor of 40 and 270?
10
What is the greatest common factor of 676 and 25350?
338
Calculate the greatest common factor of 16 and 3736.
8
What is the highest common divisor of 250 and 5750?
250
Calculate the greatest common divisor of 3969 and 324.
81
Calculate the highest common factor of 408 and 1020.
204
Calculate the greatest common factor of 60 and 336.
12
Calculate the highest common factor of 2360 and 1000.
40
What is the highest common divisor of 837 and 207?
9
Calculate the greatest common divisor of 5 and 8405.
5
What is the highest common divisor of 66 and 957?
33
What is the greatest common factor of 100 and 2020?
20
What is the highest common divisor of 57 and 2451?
57
Calculate the highest common divisor of 168 and 63.
21
Calculate the highest common divisor of 112 and 176.
16
Calculate the highest common divisor of 1209 and 39.
39
What is the highest common factor of 162 and 3222?
18
Calculate the greatest common divisor of 1372 and 931.
49
Calculate the greatest common factor of 17 and 153.
17
What is the greatest common factor of 117 and 3627?
117
What is the highest common divisor of 868 and 42?
14
What is the highest common factor of 286 and 338?
26
What is the greatest common divisor of 130 and 26?
26
What is the greatest common divisor of 68 and 782?
34
What is the greatest common factor of 5728 and 64?
32
What is the highest common factor of 2285 and 25?
5
What is the highest common divisor of 21 and 42?
21
Calculate the highest common divisor of 4658 and 34.
34
What is the highest common factor of 23 and 253?
23
Calculate the greatest common factor of 37080 and 720.
360
What is the highest common divisor of 186 and 775?
31
What is the highest common divisor of 280 and 2200?
40
What is the greatest common divisor of 2390 and 10?
10
Calculate the highest common divisor of 14 and 18214.
14
What is the highest common divisor of 181 and 12851?
181
What is the greatest common factor of 312 and 39?
39
Calculate the highest common divisor of 25 and 235.
5
What is the highest common factor of 134 and 67?
67
What is the highest common divisor of 377 and 13?
13
What is the greatest common factor of 7579 and 572?
143
What is the greatest common factor of 3172 and 1464?
244
Calculate the highest common factor of 11 and 1793.
11
What is the highest common factor of 9 and 1266?
3
Calculate the greatest common divisor of 321 and 15.
3
What is the greatest common factor of 19278 and 476?
238
Calculate the greatest common divisor of 11 and 3289.
11
What is the highest common factor of 35 and 40?
5
Calculate the highest common divisor of 204 and 527.
17
Calculate the highest common divisor of 975 and 507.
39
Calculate the greatest common divisor of 15603 and 21.
21
What is the highest common divisor of 1273 and 19?
19
Calculate the highest common divisor of 85 and 391.
17
What is the highest common divisor of 12707 and 194?
97
What is the greatest common divisor of 95 and 475?
95
Calculate the highest common divisor of 1060 and 40.
20
What is the highest common factor of 69 and 2553?
69
Calculate the greatest common divisor of 113 and 25199.
113
What is the highest common factor of 56 and 32?
8
What is the greatest common divisor of 110 and 22?
22
Calculate the highest common divisor of 11288 and 83.
83
What is the greatest common factor of 40318 and 38?
38
What is the greatest common factor of 115 and 40?
5
Calculate the greatest common divisor of 6370 and 390.
130
What is the highest common factor of 94 and 12032?
94
Calculate the highest common divisor of 3792 and 108.
12
Calculate the highest common factor of 246 and 574.
82
What is the greatest common divisor of 114 and 2793?
57
What is the greatest common factor of 93 and 10788?
93
Calculate the highest common divisor of 54 and 567.
27
Calculate the highest common factor of 144 and 2556.
36
What is the greatest common divisor of 72 and 1602?
18
What is the greatest common divisor of 29 and 1189?
29
Calculate the greatest common divisor of 34 and 7939.
17
Calculate the highest common divisor of 546 and 1014.
78
What is the greatest common factor of 645 and 258?
129
What is the greatest common factor of 63 and 231?
21
Calculate the highest common divisor of 899 and 232.
29
Calculate the greatest common factor of 12747 and 42.
21
Calculate the greatest common divisor of 270 and 450.
90
Calculate the greatest common divisor of 5629 and 39.
13
What is the highest common divisor of 212 and 3127?
53
What is the highest common factor of 45 and 72?
9
What is the highest common divisor of 24 and 54?
6
Calculate the highest common divisor of 616 and 560.
56
Calculate the greatest common divisor of 1157 and 26.
13
What is the greatest common factor of 477 and 7791?
159
Calculate the greatest common factor of 404 and 2626.
202
What is the highest common factor of 390 and 624?
78
Calculate the greatest common divisor of 4 and 31.
1
What is the highest common factor of 225 and 600?
75
What is the highest common factor of 4 and 6?
2
What is the greatest common divisor of 16 and 132?
4
What is the greatest common factor of 80 and 32?
16
Calculate the highest common factor of 107 and 3317.
107
Calculate the highest common factor of 69 and 552.
69
What is the greatest common factor of 44 and 396?
44
What is the highest common factor of 19280 and 8?
8
Calculate the highest common factor of 406 and 42.
14
Calculate the greatest common factor of 126 and 1064.
14
What is the highest common factor of 248 and 488?
8
What is the highest common divisor of 12 and 708?
12
Calculate the highest common factor of 585 and 845.
65
What is the highest common divisor of 12 and 876?
12
Calculate the highest common divisor of 54 and 43443.
27
Calculate the greatest common factor of 3894 and 66.
66
Calculate the greatest common factor of 4480 and 280.
280
What is the highest common factor of 18 and 2178?
18
Calculate the highest common factor of 93 and 992.
31
Calculate the greatest common divisor of 14651 and 92.
23
What is the greatest common factor of 92 and 115?
23
What is the highest common divisor of 270 and 2595?
15
Calculate the greatest common divisor of 11556 and 24.
12
What is the greatest common divisor of 51 and 1581?
51
Calculate the highest common divisor of 171 and 351.
9
What is the greatest common factor of 7994 and 14?
14
What is the highest common factor of 98 and 1078?
98
Calculate the highest common divisor of 36 and 459.
9
What is the greatest common factor of 294 and 28?
14
What is the highest common factor of 51 and 1003?
17
What is the greatest common factor of 29 and 42949?
29
What is the highest common divisor of 3861 and 143?
143
Calculate the greatest common factor of 2832 and 216.
24
Calculate the greatest common factor of 1329 and 12.
3
What is the highest common divisor of 18 and 291?
3
Calculate the greatest common divisor of 130 and 26.
26
Calculate the highest common divisor of 255 and 35020.
85
What is the highest common divisor of 2124 and 18?
18
What is the greatest common divisor of 703 and 19?
19
Calculate the highest common factor of 4 and 2.
2
Calculate the greatest common divisor of 872 and 128.
8
What is the greatest common 